 highest common factor of 14 and m?
1
Let p = 1952 - 1889. What is the highest common factor of 49 and p?
7
Let t be 3*316/20 + 8/(-20). Suppose t*a = r + 49*a - 66, 3*r = -3*a + 198. What is the greatest common divisor of 176 and r?
22
Suppose -304 = -4*g + 4*b, 10 - 74 = -g + 5*b. What is the greatest common divisor of 3713 and g?
79
Suppose p = 2*r - 40, 0 = -5*r - p + 3 + 111. Suppose 9*d - 3807 = 18*d. Let a = 478 + d. Calculate the greatest common divisor of a and r.
11
Let w = -3111 + 3191. Let p be 5010/25 + 3*6/(-45). What is the greatest common divisor of w and p?
40
Let w be (-1)/2 + 375/(-50) - -93. What is the greatest common factor of 663 and w?
17
Let b be 2/((-3)/(-84)*4). Let h(p) = -34 + 19 + b - p + 11*p. Let r be h(3). What is the greatest common divisor of 319 and r?
29
Let s be (-4)/26 - 10314/(-117). What is the greatest common factor of s and 1232?
88
Suppose 4*a - 244 = 17*t - 19*t, 0 = -4*a - 4*t + 236. Let x be (-2 + 1)*1 + (714 - a). Calculate the greatest common factor of 50 and x.
50
Let g = -96 - -141. Let v = -690 - -693. Suppose -6*s + 45 = v*s. Calculate the greatest common factor of s and g.
5
Let u = -5 + 503. Suppose -295 = -9*p - 268. Suppose 6*y - p*y + k = 373, u = 4*y + k. Calculate the greatest common factor of 25 and y.
25
Suppose -17*j = -4095 - 155. Let c = 674 - 574. Calculate the greatest common factor of c and j.
50
Suppose 3*v = -2*w + 8, -2*w = v + 4*v - 8. Suppose -4*y + 35 - 11 = 0. What is the greatest common factor of w and y?
2
Let c(p) = -122*p + 93*p - 123 + 19. Let n be c(-6). What is the highest common factor of n and 10?
10
Suppose -4*l = -2*w + 70, -99*w - 65 = -102*w - 4*l. Calculate the highest common factor of w and 1728.
27
Suppose 108 = -3*z + 7*z. Suppose 10152 = 245*s - 89*s - 6696. What is the highest common divisor of s and z?
27
Let q be (2/4)/(5/(-110)). Let o = q + 20. Let l be 6/(-9) + (-1233)/(-27). What is the greatest common divisor of l and o?
9
Suppose -15*v + 2008 - 6583 = 0. Let x = 315 + v. What is the highest common factor of 2 and x?
2
Let q(o) = 2*o**2 - 42*o + 50. Suppose -116 = -4*n + 4*j, n + 142 = 6*n - 4*j. Let v be q(n). Calculate the greatest common factor of v and 62.
62
Suppose -458 = -12*s + 6358. What is the greatest common divisor of s and 1775?
71
Suppose 4*v + 99 = 3*g, 0 = -2*g - v - 4*v + 89. What is the greatest common factor of g and 4181?
37
Let x be (-2)/(-7) - 1270/(-14). Suppose 0 = k + 3*m - 23, 196 - 119 = 3*k + m. Calculate the greatest common factor of x and k.
13
Suppose -170*a = -548 - 195 - 277. Let p(v) be the second derivative of -2*v**3 - v. Let g be p(-4). Calculate the greatest common divisor of g and a.
6
Suppose -5*f = -10*f - 20. Let r be ((-99)/(-110) - f/(-10))*28. Suppose -13*s - 80 = -r*s. Calculate the greatest common factor of 200 and s.
40
Let v(h) = 115*h + 52. Let u be v(2). Let y = 286 - u. What is the highest common factor of y and 34?
2
Let m = -130 + 350. Calculate the greatest common divisor of m and 1140.
20
Suppose -17*h = 21 - 55. Suppose -4*s + 3*i + 44 = -233, -4*s + 278 = -h*i. Calculate the highest common factor of 21 and s.
7
Let v = -3259 + 3275. What is the greatest common divisor of 5072 and v?
16
Let n be 0 - 6*(-7 - -2). Let f(w) = -w**2 + 10*w - 10. Let v be (-6)/24*-6*(-32)/(-6). Let j be f(v). What is the highest common divisor of j and n?
6
Let j be ((384/(-20))/(-3) + -7)*-80. Calculate the greatest common factor of 540 and j.
12
Suppose 4*z - 310 = 15*j, 19*j + 73 = z + 16*j. Suppose 25 = -0*t + 5*t. Calculate the greatest common divisor of t and z.
5
Let k = 27701 + -27681. Calculate the highest common factor of k and 10070.
10
Let c(i) = -2*i**2 - 13*i + 14. Let v be c(-7). Let w be 48 - 1 - 2*v/(-14). Let d be (-1)/(-2) - (-31)/2. What is the highest common divisor of d and w?
16
Suppose -s + x + 9 = 0, -1887*x + 1882*x = 25. Suppose 0 = -2*q - 3*q + 60. What is the highest common factor of q and s?
4
Let c = 3877 + -716. What is the highest common divisor of c and 29?
29
Suppose -4*g = -3*r + 1719, 235 + 344 = r - 2*g. Calculate the highest common divisor of r and 697.
17
Let o be (-4)/10 + (-28)/(-70). Suppose o = 122*a - 96*a - 5772. What is the greatest common divisor of a and 148?
74
Let f be ((-1404)/(-24))/(120/16 - 7). Calculate the greatest common divisor of 2007 and f.
9
Let o = 35 + -75. Let t = -48 - o. Let d be (2 - t/(-10))/(5/25). Calculate the greatest common factor of 42 and d.
6
Let q(u) = -2*u**2 - 20*u + 25. Let i be q(-11). Suppose v = -z + i, 4*z - z - 16 = 4*v. Suppose -2*f + 0 = -8. Calculate the highest common divisor of f and z.
4
Let n(u) be the first derivative of -u**3/3 + 11*u**2/2 - 4*u + 48. Let i be n(7). Calculate the greatest common factor of i and 156.
12
Suppose -2*p = -5*d - 102, 5*d - d - 102 = -2*p. Suppose 60*i - 54 = p*i. What is the highest common divisor of i and 318?
6
Suppose 4*w - 16 = 5*u, -4*u - 16 = -u - 4*w. Suppose 0 = 4*b + 5*i - 10 - 3, u = -4*b + 3*i + 37. What is the highest common factor of 112 and b?
7
Suppose -1645 - 740 - 1746 = -238*u + 85*u. Suppose 0*h - 4*h = 2*b - 864, 0 = -4*b - 2*h + 1728. Calculate the greatest common factor of u and b.
27
Suppose -4*t + 4*z = 0, -4*t + 5*z + 15 = -2*t. Let f be (t*(-6)/(-21))/((-2)/42). What is the greatest common divisor of f and 405?
15
Suppose 7*r - 23506 = -23135. What is the highest common divisor of 25811 and r?
53
Suppose -2*z - 289 = 3*s, 5*z + 4*s + 622 = -83. Let p = z + 164. What is the greatest common factor of 18 and p?
9
Suppose -3*k + 3 = 2*u, -u - 12 = k - 4*k. Suppose 48 - k = o. Calculate the greatest common factor of 30 and o.
15
Let v = 2 + 3. Let z(o) = -7*o + 30. Let f be z(-10). Suppose 4*x - f = -2*b, b + b = 2*x + 70. What is the greatest common factor of v and b?
5
Suppose 105 = 4*m + 33. Suppose 53*c - 56 = 50. Suppose -u + m = c*x + 2*x, 2*x = -2. Calculate the greatest common divisor of 198 and u.
22
Let a(o) = o**3 - 11*o**2 - 4*o - 88. Let h be a(12). What is the highest common divisor of h and 3?
1
Let s(q) = 7*q**2 + 52*q - 50. Let y be s(1). Calculate the highest common divisor of y and 2529.
9
Suppose 0 = 130301*d - 130315*d + 224. Suppose -5*s = -i + 17, 0 = 3*s + 5 + 4. Suppose i = 5*f - 8. Calculate the greatest common factor of d and f.
2
Let p be 16/(-6)*72/(-16). Suppose -x + 9*v - p*v + 6 = 0, -5*v + 31 = 4*x. Calculate the highest common divisor of x and 4.
1
Let r(w) = 225*w - 3369. Let i be r(15). Let p(a) = a**2 - 4*a - 3. Let t be p(6). What is the greatest common divisor of t and i?
3
Let k = 521 - 119. Suppose 82 + k = 4*m. Suppose 0 = 5*x - 2*x - 33. What is the greatest common divisor of m and x?
11
Let v be (-2 - -1)/(1 + 36/(-34)). Let w be v + 1 - (-17 + 19). Let h be ((-24)/w)/(3/(-464)). Calculate the greatest common factor of h and 29.
29
Suppose -44*y = -52*y. Suppose -2*i = y, 3*w - 213 - 399 = i. Calculate the greatest common factor of w and 48.
12
Let t be -5*(-6)/(-3)*(-11)/22. Let s be t*(-1 + (-668)/(-20)). Calculate the greatest common factor of 18 and s.
18
Let f = 160 - 96. Let v = 66 - f. Calculate the greatest common divisor of 18 and v.
2
Suppose 0 = 4*h - 402 - 534. Suppose 119 = -5*u + h. What is the highest common factor of 69 and u?
23
Suppose -62533 = -49*u + 30763. What is the greatest common factor of 448 and u?
112
Let k = 314 - 302. Let h(b) = b**3 - 13*b**2 + 15*b - 34. Let q be h(k). Calculate the highest common factor of 108 and q.
2
Suppose -16*f - 220806 = -64*f + 131130. What is the highest common divisor of 780 and f?
156
Let a(g) = 2*g**2 + 5*g. Let q be a(-4). Let h be 32/6*(6/q - -7). Calculate the greatest common factor of h and 50.
10
Let g = -3851 + 4126. Calculate the highest common divisor of g and 225.
25
Let n(a) = -106*a + 2500. Let q be n(10). Calculate the greatest common divisor of 280 and q.
40
Let q be 3*(200/6 - 7). What is the greatest common divisor of 2 and q?
1
Suppose 75816 = 10*y - 11*y + 25*y. What is the highest common factor of 54 and y?
27
Let b(r) be the third derivative of r**5/60 - 3*r**4/8 + 6*r**3 + 4*r**2. Let o be b(8). Calculate the highest common factor of 98 and o.
14
Let j = 567 - 295. Let s be (-21 - 3668/(-98)) + (10/(-7) - -2). What is the highest common div